88 is divided by 71343?
58
What is the remainder when 6164969 is divided by 3674?
3671
Calculate the remainder when 1044344 is divided by 1690.
1614
Calculate the remainder when 558592 is divided by 267.
28
Calculate the remainder when 18270490 is divided by 1483.
1413
Calculate the remainder when 8252948 is divided by 38929.
0
Calculate the remainder when 4210108 is divided by 1071.
7
Calculate the remainder when 21009806 is divided by 10504897.
12
What is the remainder when 183969 is divided by 10218?
45
Calculate the remainder when 113480 is divided by 444.
260
Calculate the remainder when 1307598807 is divided by 38.
35
Calculate the remainder when 57071199 is divided by 67.
63
Calculate the remainder when 142434 is divided by 1545.
294
Calculate the remainder when 521923 is divided by 714.
703
What is the remainder when 1312694 is divided by 8991?
8
Calculate the remainder when 2024041 is divided by 20.
1
Calculate the remainder when 594062 is divided by 1535.
17
What is the remainder when 164101 is divided by 6033?
1210
What is the remainder when 23526976 is divided by 19?
17
What is the remainder when 6501204 is divided by 3969?
3951
Calculate the remainder when 68363 is divided by 22081.
2120
Calculate the remainder when 165851 is divided by 4433.
1830
Calculate the remainder when 1245422 is divided by 138378.
20
What is the remainder when 1000787 is divided by 1000746?
41
Calculate the remainder when 37575023 is divided by 939.
938
Calculate the remainder when 1605632 is divided by 107042.
2
Calculate the remainder when 498875 is divided by 1352.
1339
What is the remainder when 45004327 is divided by 53962?
19
What is the remainder when 216029 is divided by 11369?
18
What is the remainder when 199775 is divided by 28522?
121
What is the remainder when 819816 is divided by 409905?
6
What is the remainder when 478550 is divided by 239213?
124
What is the remainder when 9396382 is divided by 47218?
0
Calculate the remainder when 17025482 is divided by 39.
32
What is the remainder when 1312404 is divided by 656055?
294
What is the remainder when 10605010 is divided by 579?
46
What is the remainder when 15697325 is divided by 81?
11
What is the remainder when 17007068 is divided by 2?
0
What is the remainder when 202719 is divided by 18182?
2717
What is the remainder when 61687492 is divided by 6534?
6532
What is the remainder when 9782265 is divided by 416?
25
Calculate the remainder when 52220 is divided by 52124.
96
What is the remainder when 63107233 is divided by 2216?
2201
What is the remainder when 114615 is divided by 607?
499
Calculate the remainder when 13642772 is divided by 300.
272
What is the remainder when 2469005 is divided by 162?
125
Calculate the remainder when 65272979 is divided by 76.
75
Calculate the remainder when 102551 is divided by 25632.
23
Calculate the remainder when 5566964 is divided by 534.
14
Calculate the remainder when 34227 is divided by 16881.
465
Calculate the remainder when 6494674 is divided by 1306.
1242
What is the remainder when 510001 is divided by 186?
175
Calculate the remainder when 2394440 is divided by 189.
188
Calculate the remainder when 9466645 is divided by 3242.
5
Calculate the remainder when 116198 is divided by 4377.
2396
Calculate the remainder when 133168 is divided by 877.
741
Calculate the remainder when 10605267 is divided by 23.
13
Calculate the remainder when 18754197 is divided by 20474.
13
What is the remainder when 86937935 is divided by 5254?
5251
Calculate the remainder when 100028 is divided by 9080.
148
What is the remainder when 912400 is divided by 130332?
76
What is the remainder when 389151 is divided by 30?
21
What is the remainder when 837582 is divided by 86?
28
What is the remainder when 232871183 is divided by 936?
935
What is the remainder when 1498848 is divided by 21?
15
What is the remainder when 102928 is divided by 7770?
1918
What is the remainder when 397660 is divided by 18?
4
Calculate the remainder when 157607 is divided by 2323.
1966
What is the remainder when 16702504 is divided by 4741?
4702
What is the remainder when 1688938 is divided by 18353?
462
What is the remainder when 304022836 is divided by 399?
397
Calculate the remainder when 2855286 is divided by 290.
236
Calculate the remainder when 765267 is divided by 711.
231
Calculate the remainder when 934028 is divided by 577.
442
What is the remainder when 1075713 is divided by 53784?
33
What is the remainder when 19197081 is divided by 428?
425
Calculate the remainder when 9962 is divided by 7236.
2726
Calculate the remainder when 503024 is divided by 4701.
17
Calculate the remainder when 374192 is divided by 123.
26
Calculate the remainder when 388024 is divided by 11411.
50
What is the remainder when 15870105 is divided by 1553?
1551
What is the remainder when 547576 is divided by 14027?
523
Calculate the remainder when 148791886 is divided by 4522.
4520
Calculate the remainder when 1727865 is divided by 1309.
1294
What is the remainder when 6103608 is divided by 987?
0
What is the remainder when 41816577 is divided by 195?
192
Calculate the remainder when 41585891 is divided by 92.
51
What is the remainder when 12927605 is divided by 6463800?
5
What is the remainder when 62310789 is divided by 27743?
11
Calculate the remainder when 16973 is divided by 1729.
1412
What is the remainder when 7360594 is divided by 1002?
904
Calculate the remainder when 17289 is divided by 7733.
1823
What is the remainder when 2941356 is divided by 349?
333
Calculate the remainder when 22340573 is divided by 71.
68
Calculate the remainder when 80990961 is divided by 188.
185
What is the remainder when 14280138 is divided by 8?
2
What is the remainder when 150342 is divided by 25055?
12
What is the remainder when 533802 is divided by 76249?
59
Calculate the remainder when 40942 is divided by 7751.
2187
What is the remainder when 8235167 is divided by 30?
17
Calculate the remainder when 85420 is divided by 6570.
10
What is the remainder when 240771 is divided by 1986?
465
Calculate the remainder when 28383 is divided by 28343.
40
What is the remainder when 28256574 is divided by 129?
27
Calculate the remainder when 199272151 is divided by 152.
151
Calculate the remainder when 921529 is divided by 307109.
202
What is the remainder when 2769968 is divided by 923116?
620
Calculate the remainder when 236849 is divided by 28.
25
Calculate the remainder when 586836 is divided by 53348.
8
What is the remainder when 356342 is divided by 1853?
566
What is the remainder when 552858 is divided by 377?
176
Calculate the remainder when 33747317 is divided by 162.
125
What is the remainder when 20230 is divided by 888?
694
What is the remainder when 3401581 is divided by 87220?
1
Calculate the remainder when 743514 is divided by 9.
6
Calculate the remainder when 4520669 is divided by 86.
79
Calculate the remainder when 7129 is divided by 23.
22
Calculate the remainder when 1812325 is divided by 31.
3
Calculate the remainder when 1777975 is divided by 296057.
1633
Calculate the remainder when 1906486 is divided by 145.
26
What is the remainder when 17991628 is divided by 19?
15
What is the remainder when 1116 is divided by 408?
300
What is the remainder when 1101502 is divided by 143?
116
What is the remainder when 140126033 is divided by 3270?
3263
What is the remainder when 3421646 is divided by 11?
8
Calculate the remainder when 1473758 is divided by 741.
650
Calculate the remainder when 123693809 is divided by 172.
9
Calculate the remainder when 289006 is divided by 16.
14
Calculate the remainder when 57981 is divided by 57374.
607
What is the remainder when 16841 is divided by 5308?
917
Calculate the remainder when 1269327 is divided by 435.
432
What is the remainder when 12465895 is divided by 829?
222
Calculate the remainder when 224499434 is divided by 60.
14
Calculate the remainder when 48268209 is divided by 10.
9
Calculate the remainder when 9578199 is divided by 2075.
2074
Calculate the remainder when 97364522 is divided by 48682259.
4
What is the remainder when 87186 is divided by 2428?
2206
What is the remainder when 1110121 is divided by 1498?
103
What is the remainder when 4624035 is divided by 2311975?
85
W